{"id":1311,"date":"2022-08-30T12:06:02","date_gmt":"2022-08-30T11:06:02","guid":{"rendered":"http:\/\/armenuikohler.de\/?page_id=1311"},"modified":"2022-09-04T10:45:50","modified_gmt":"2022-09-04T09:45:50","slug":"impressum","status":"publish","type":"page","link":"https:\/\/armenuikohler.de\/?page_id=1311","title":{"rendered":"Impressum"},"content":{"rendered":"\t\t<div data-elementor-type=\"wp-page\" data-elementor-id=\"1311\" class=\"elementor elementor-1311\">\n\t\t\t\t\t\t\t\t\t<section class=\"elementor-section elementor-top-section elementor-element elementor-element-e4687ae elementor-section-boxed elementor-section-height-default elementor-section-height-default\" data-id=\"e4687ae\" data-element_type=\"section\">\n\t\t\t\t\t\t<div class=\"elementor-container elementor-column-gap-default\">\n\t\t\t\t\t<div class=\"elementor-column elementor-col-100 elementor-top-column elementor-element elementor-element-16303aa\" data-id=\"16303aa\" data-element_type=\"column\">\n\t\t\t<div class=\"elementor-widget-wrap elementor-element-populated\">\n\t\t\t\t\t\t\t\t<div class=\"elementor-element elementor-element-607eaa4 elementor-widget elementor-widget-heading\" data-id=\"607eaa4\" data-element_type=\"widget\" data-widget_type=\"heading.default\">\n\t\t\t\t<div class=\"elementor-widget-container\">\n\t\t\t<style>\/*! elementor - v3.7.4 - 31-08-2022 *\/\n.elementor-heading-title{padding:0;margin:0;line-height:1}.elementor-widget-heading .elementor-heading-title[class*=elementor-size-]>a{color:inherit;font-size:inherit;line-height:inherit}.elementor-widget-heading .elementor-heading-title.elementor-size-small{font-size:15px}.elementor-widget-heading .elementor-heading-title.elementor-size-medium{font-size:19px}.elementor-widget-heading .elementor-heading-title.elementor-size-large{font-size:29px}.elementor-widget-heading .elementor-heading-title.elementor-size-xl{font-size:39px}.elementor-widget-heading .elementor-heading-title.elementor-size-xxl{font-size:59px}<\/style><h2 class=\"elementor-heading-title elementor-size-default\">Impressum<\/h2>\t\t<\/div>\n\t\t\t\t<\/div>\n\t\t\t\t\t<\/div>\n\t\t<\/div>\n\t\t\t\t\t\t\t<\/div>\n\t\t<\/section>\n\t\t\t\t<section class=\"elementor-section elementor-top-section elementor-element elementor-element-e7869f5 elementor-section-boxed elementor-section-height-default elementor-section-height-default\" data-id=\"e7869f5\" data-element_type=\"section\">\n\t\t\t\t\t\t<div class=\"elementor-container elementor-column-gap-default\">\n\t\t\t\t\t<div class=\"elementor-column elementor-col-100 elementor-top-column elementor-element elementor-element-b8d2a5e\" data-id=\"b8d2a5e\" data-element_type=\"column\">\n\t\t\t<div class=\"elementor-widget-wrap elementor-element-populated\">\n\t\t\t\t\t\t\t\t<div class=\"elementor-element elementor-element-46b85e4 elementor-widget elementor-widget-text-editor\" data-id=\"46b85e4\" data-element_type=\"widget\" data-widget_type=\"text-editor.default\">\n\t\t\t\t<div class=\"elementor-widget-container\">\n\t\t\t<style>\/*! elementor - v3.7.4 - 31-08-2022 *\/\n.elementor-widget-text-editor.elementor-drop-cap-view-stacked .elementor-drop-cap{background-color:#818a91;color:#fff}.elementor-widget-text-editor.elementor-drop-cap-view-framed .elementor-drop-cap{color:#818a91;border:3px solid;background-color:transparent}.elementor-widget-text-editor:not(.elementor-drop-cap-view-default) .elementor-drop-cap{margin-top:8px}.elementor-widget-text-editor:not(.elementor-drop-cap-view-default) .elementor-drop-cap-letter{width:1em;height:1em}.elementor-widget-text-editor .elementor-drop-cap{float:left;text-align:center;line-height:1;font-size:50px}.elementor-widget-text-editor .elementor-drop-cap-letter{display:inline-block}<\/style>\t\t\t\t<p style=\"box-sizing: inherit; margin-bottom: 1.5em; font-family: Roboto, sans-serif; font-size: 16px; font-style: normal; font-weight: 400; color: rgb(54, 56, 127) !important;\">Kohler ECM-Technik GmbH<br style=\"box-sizing: inherit;\">Peter-Anders-Str. 42<br style=\"box-sizing: inherit;\">D-81245 M\u00fcnchen<\/p>\n<p style=\"box-sizing: inherit; margin-bottom: 1.5em; font-family: Roboto, sans-serif; font-size: 16px; font-style: normal; font-weight: 400; color: rgb(54, 56, 127) !important;\">Telefon: +49 (0)7943 \/ 94321-0<br style=\"box-sizing: inherit;\">E-Mail:&nbsp;<a href=\"mailto:info@humativ.de\" style=\"box-sizing: inherit; color: rgb(14, 61, 67); box-shadow: rgb(15, 15, 15) 0px -1px 0px inset; transition: color 80ms ease-in 0s, box-shadow 130ms ease-in-out 0s, -webkit-box-shadow 130ms ease-in-out 0s;\">info@k<\/a>ecm.eu<br><\/p>\n<p style=\"box-sizing: inherit; margin-bottom: 1.5em; font-family: Roboto, sans-serif; font-size: 16px; font-style: normal; font-weight: 400; color: rgb(54, 56, 127) !important;\">Handelsregister: Amtsgericht M\u00fcnchen HRB 266890<br style=\"box-sizing: inherit;\">Gesch\u00e4ftsf\u00fchrer: Armenui Kohler<br style=\"box-sizing: inherit;\">Sitz der Gesellschaft: M\u00fcnchen<br style=\"box-sizing: inherit;\">Ust-ID: DE 224 410 681<\/p>\n<p style=\"box-sizing: inherit; margin-bottom: 1.5em; font-family: Roboto, sans-serif; font-size: 16px; font-style: normal; font-weight: 400; color: rgb(54, 56, 127) !important;\"><span style=\"box-sizing: inherit; font-weight: 700;\">Haftungshinweis<\/span><br style=\"box-sizing: inherit;\">Manche unserer Internetangebote enthalten Links zu anderen Websites, die nicht von uns betrieben werden. Wir \u00fcberwachen diese Websites nicht und sind weder f\u00fcr deren Inhalt noch deren Umgang mit pers\u00f6nlichen Daten verantwortlich. Trotz sorgf\u00e4ltiger inhaltlicher Kontrolle \u00fcbernehmen wir keine Haftung f\u00fcr die Inhalte externer Links. F\u00fcr den Inhalt der verlinkten Seiten sind ausschlie\u00dflich deren Betreiber verantwortlich.<\/p>\n<p style=\"box-sizing: inherit; margin-bottom: 1.5em; font-family: Roboto, sans-serif; font-size: 16px; font-style: normal; font-weight: 400; color: rgb(54, 56, 127) !important;\"><span style=\"box-sizing: inherit; font-weight: 700;\">Urheberrechte<\/span><br style=\"box-sizing: inherit;\">S\u00e4mtliche Inhalte&nbsp; auf diesen Seiten, auch die multimedia-Daten wie Ton, Bilder und Programme unterliegen dem deutschen Urheberrecht. Die Vervielf\u00e4ltigung, Bearbeitung, Verbreitung und jede Art der Verwertung au\u00dferhalb der Grenzen des Urheberrechtes bed\u00fcrfen unserer schriftlichen Zustimmung.&nbsp; Downloads und Kopien dieser Seiten sind ausschlie\u00dflich f\u00fcr den nicht kommerziellen Gebrauch gestattet.<\/p>\n<p style=\"box-sizing: inherit; margin-bottom: 1.5em; font-family: Roboto, sans-serif; font-size: 16px; font-style: normal; font-weight: 400; color: rgb(54, 56, 127) !important;\"><span style=\"box-sizing: inherit; font-weight: 700;\">Datenschutz<\/span><br style=\"box-sizing: inherit;\">Informationen hierzu entnehmen Sie bitte unserer&nbsp;Datenschutzerkl\u00e4rung.<\/p>\n<p style=\"box-sizing: inherit; margin-bottom: 1.5em; font-family: Roboto, sans-serif; font-size: 16px; font-style: normal; font-weight: 400; color: rgb(54, 56, 127) !important;\">Layout und Gestaltung: A. Kohler<\/p>\n<p style=\"box-sizing: inherit; margin-bottom: 1.5em; font-family: Roboto, sans-serif; font-size: 16px; font-style: normal; font-weight: 400; color: rgb(54, 56, 127) !important;\">Copyright \u00a9 2022 A. Kohler \u2013 All rights reserved<\/p>\t\t\t\t\t\t<\/div>\n\t\t\t\t<\/div>\n\t\t\t\t\t<\/div>\n\t\t<\/div>\n\t\t\t\t\t\t\t<\/div>\n\t\t<\/section>\n\t\t\t\t\t\t\t<\/div>\n\t\t","protected":false},"excerpt":{"rendered":"<p>Impressum Kohler ECM-Technik GmbHPeter-Anders-Str. 42D-81245 M\u00fcnchen Telefon: +49 (0)7943 \/ 94321-0E-Mail:&nbsp;info@kecm.eu Handelsregister: Amtsgericht M\u00fcnchen HRB 266890Gesch\u00e4ftsf\u00fchrer: Armenui KohlerSitz der Gesellschaft: M\u00fcnchenUst-ID: DE 224 410 681 HaftungshinweisManche unserer Internetangebote enthalten Links zu anderen Websites, die nicht von uns betrieben werden. Wir \u00fcberwachen diese Websites nicht und sind weder f\u00fcr deren Inhalt noch deren Umgang mit pers\u00f6nlichen &hellip;<\/p>\n<p class=\"read-more\"> <a class=\"\" href=\"https:\/\/armenuikohler.de\/?page_id=1311\"> <span class=\"screen-reader-text\">Impressum<\/span> Weiterlesen &raquo;<\/a><\/p>\n","protected":false},"author":1,"featured_media":0,"parent":0,"menu_order":0,"comment_status":"closed","ping_status":"closed","template":"","meta":{"site-sidebar-layout":"no-sidebar","site-content-layout":"page-builder","ast-global-header-display":"","ast-main-header-display":"","ast-hfb-above-header-display":"","ast-hfb-below-header-display":"","ast-hfb-mobile-header-display":"","site-post-title":"disabled","ast-breadcrumbs-content":"","ast-featured-img":"disabled","footer-sml-layout":"","theme-transparent-header-meta":"","adv-header-id-meta":"","stick-header-meta":"","header-above-stick-meta":"","header-main-stick-meta":"","header-below-stick-meta":"","footnotes":""},"class_list":["post-1311","page","type-page","status-publish","hentry"],"_links":{"self":[{"href":"https:\/\/armenuikohler.de\/index.php?rest_route=\/wp\/v2\/pages\/1311","targetHints":{"allow":["GET"]}}],"collection":[{"href":"https:\/\/armenuikohler.de\/index.php?rest_route=\/wp\/v2\/pages"}],"about":[{"href":"https:\/\/armenuikohler.de\/index.php?rest_route=\/wp\/v2\/types\/page"}],"author":[{"embeddable":true,"href":"https:\/\/armenuikohler.de\/index.php?rest_route=\/wp\/v2\/users\/1"}],"replies":[{"embeddable":true,"href":"https:\/\/armenuikohler.de\/index.php?rest_route=%2Fwp%2Fv2%2Fcomments&post=1311"}],"version-history":[{"count":11,"href":"https:\/\/armenuikohler.de\/index.php?rest_route=\/wp\/v2\/pages\/1311\/revisions"}],"predecessor-version":[{"id":1406,"href":"https:\/\/armenuikohler.de\/index.php?rest_route=\/wp\/v2\/pages\/1311\/revisions\/1406"}],"wp:attachment":[{"href":"https:\/\/armenuikohler.de\/index.php?rest_route=%2Fwp%2Fv2%2Fmedia&parent=1311"}],"curies":[{"name":"wp","href":"https:\/\/api.w.org\/{rel}","templated":true}]}}